 s = -162 + 195. Calculate the remainder when 43 is divided by s.
10
Let r = -141 + 148. Suppose r = 7*z - 196. What is the remainder when z is divided by 4?
1
Let s be 165/(-30)*-2*(0 - -1). Suppose s = 9*t - 8*t + 5*c, t = 3*c + 3. Calculate the remainder when 25 is divided by t.
1
Suppose -24*v = -1251 - 1005. What is the remainder when v is divided by 32?
30
Let v = -24 + 36. Let m(c) = c + 10. Calculate the remainder when m(v) is divided by 12.
10
Suppose -29*d + 17888 = 14*d. Calculate the remainder when d is divided by 21.
17
Let j(q) = 45*q**2. Suppose a - 3 - 3 = 0. Let u = 22 - a. What is the remainder when j(-1) is divided by u?
13
Let u = 356 + -305. Calculate the remainder when u is divided by 39.
12
Suppose 38 = -2*l - 14. Calculate the remainder when (l/(-13))/((-4)/(-58)) is divided by 15.
14
Let m = 222 + -192. What is the remainder when m is divided by 12?
6
Suppose 2*f = -90 + 580. Calculate the remainder when f is divided by 19.
17
Let o(f) = 4*f - 23. Let s be o(11). Let z = 33 - s. What is the remainder when 119 is divided by z?
11
Let m(t) = 67*t + 4. Calculate the remainder when m(4) is divided by 25.
22
Suppose 9*o - 409 - 77 = 0. Calculate the remainder when 218 is divided by o.
2
Suppose 2*q + 7 - 77 = 0. What is the remainder when q is divided by 10?
5
Calculate the remainder when (-21)/105 - (-1292)/10 is divided by 34.
27
Let g = -76 - -82. Suppose -x = g*x - 112. What is the remainder when 126 is divided by x?
14
Let g(t) = -66*t**2 - 273*t - 5. Suppose 2*o - 388 = -20. What is the remainder when o is divided by g(-4)?
29
Let y = 307 - 276. Calculate the remainder when 79 is divided by y.
17
Let y(k) = -2*k**3 - 4*k**2 - 2*k - 4. Suppose -3*x = 12, f - 12*x + 16*x + 13 = 0. Calculate the remainder when y(-3) is divided by f.
2
Suppose 0 = -21*n + 1272 + 1353. Calculate the remainder when n is divided by 32.
29
Let i(f) = -f**3 + 6*f**2. Let q be i(6). Suppose q*w + 12 = -2*w. Calculate the remainder when 21 is divided by 308/42 - 4/w.
5
Suppose -4*v = 2*h - 88, 30*h = 25*h + 3*v + 220. Suppose -11 = -n + 208. Calculate the remainder when n is divided by h.
43
Let q be -2*45/6*-3. What is the remainder when ((-2)/1)/((-6)/q) is divided by 11?
4
Let h(u) = -18*u + 360. What is the remainder when h(12) is divided by 73?
71
Suppose -y + 2*s - 2 + 1 = 0, 2*y = s + 7. Let t = 46 + -44. What is the remainder when y is divided by t?
1
Suppose 4*j + 3*x - 44 = 31, -2*j + 27 = 5*x. What is the remainder when (-61 - 0)/(-2 - -1) is divided by j?
19
Suppose -120 = -6*n + 294. What is the remainder when 134 is divided by n?
65
Let b = 66 + -55. Let f(h) = h**2 - 11*h + 32. What is the remainder when 63 is divided by f(b)?
31
Suppose -3*h - 29 = 7. Let c(z) = -z**3 - 11*z**2 + 13*z + 11. Let f be c(h). Calculate the remainder when (f - 1) + 3 - -7 is divided by 5.
3
Let x = -252 + 299. Calculate the remainder when x is divided by 12.
11
Let i(n) = 10*n + 127. What is the remainder when i(-9) is divided by 5?
2
Let t be (-108)/21 + 1/7. Let x be 1/(15/72)*t. Let p = -14 - x. What is the remainder when 18 is divided by p?
8
Let q(c) = 118*c**2 - 35*c - 131. Calculate the remainder when q(-4) is divided by 20.
17
Suppose 5*d - 4 - 6 = 0. Suppose -m + 5*c = -28, 2*c + 22 = 2*m + d*m. What is the remainder when 80 + (0 - 1) + m is divided by 21?
19
Calculate the remainder when 133 is divided by 19/(-57) - 309/(-9).
31
Let p(s) = 8*s - 6. Let z = 7 + -5. Let x be p(z). Suppose x = -2*n + 2*f + 58, 0 = -4*f - 8. What is the remainder when n is divided by 12?
10
Let k(i) = 2*i + 6. Let l be k(-5). Let b(u) = 2*u**2 + 4*u + 5. Suppose 0 = -z - f + 10, 23*f = 19*f + 8. Calculate the remainder when b(l) is divided by z.
5
Let d = 185 + 26. Let s = 386 - d. What is the remainder when s is divided by 44?
43
Let h be (-4)/(10/345*-3). Let a = 78 - h. What is the remainder when 123 is divided by a?
27
Let p be 6/5*20/8. Let s(w) = 6*w**2 + 4*w - w + w**3 - 11 + 3 - 2*w**p. Calculate the remainder when s(6) is divided by 3.
1
Let k = 6 + 244. Suppose -8*j + 94 = -k. What is the remainder when j is divided by 23?
20
Let a(i) = -17*i**3 + 3*i**2 + 3*i + 2. What is the remainder when 205 is divided by a(-1)?
15
Suppose -198 = -2*g + 4*u, 5*g + 55*u - 479 = 57*u. Let p = 3 + 9. What is the remainder when g is divided by p?
11
Suppose 3*f - 706 = -2*o, 3*f - 718 = 13*o - 12*o. Calculate the remainder when f is divided by 62.
52
Let b(y) = 5*y**2 - 2*y - 6. Let j(i) = 32*i**3 + i. What is the remainder when j(1) is divided by b(-2)?
15
Let j be 2052/(-24) + (-6)/(-4). Let m = 91 + j. Suppose -2*w = -2*z - 27 - 53, 3*z = -5*w + 200. What is the remainder when w is divided by m?
5
Let d(x) = -6*x**2 + 2*x + 3. Let w be d(-2). Let y = w + 46. Calculate the remainder when y is divided by 6.
3
Suppose 2*k = 6*k. Suppose -3*d = -k*d - 3*y - 78, 4*y = 2*d - 50. What is the remainder when d is divided by 7?
6
Let x = 30 - 8. Let g(q) be the first derivative of -q**4/4 - 7*q**3/3 + 3*q**2/2 + q + 3. Calculate the remainder when g(-8) is divided by x.
19
Let w be ((-24)/(-18))/((-4)/(-30)). Suppose 2*v - 205 = -3*v - 3*q, w = 2*q. What is the remainder when v is divided by 10?
8
Suppose 5*s - 2*b = s + 138, 4*s + 2*b - 134 = 0. What is the remainder when s is divided by 9?
7
Let o(n) = n**3 - 2*n**2 + 2. Let l(m) = m**2 + 9*m + 10. What is the remainder when l(-11) is divided by o(3)?
10
Let t(n) = -95*n - 143. What is the remainder when t(-4) is divided by 3/(((-3)/40)/(-1))?
37
Let v = -6 + 26. Suppose 18*s = 10*s + 24. Suppose s*l = -4*l + 406. What is the remainder when l is divided by v?
18
Suppose 2*n - 1 - 9 = 0. Suppose 0 = 4*c - n*c + 38. Calculate the remainder when c is divided by 8.
6
Let a(f) = 11*f + 29. What is the remainder when 142 is divided by a(0)?
26
Let i = -559 + 580. Calculate the remainder when 113 is divided by i.
8
Let u(v) be the third derivative of -v**5/60 - 5*v**4/12 - 8*v**3/3 + 3*v**2. Let g = 31 + -12. Calculate the remainder when g is divided by u(-7).
4
Suppose 20*i = 41*i - 294. What is the remainder when i is divided by 1?
0
Suppose -j + 7 = -3*s + 4*s, 3*j + 24 = 2*s. Let g(l) = -3*l - 4. Let f be g(-3). Suppose 0 = f*a - 8*a + 102. What is the remainder when a is divided by s?
7
Let d = -6 - -12. Suppose -h + 4*h = 0. Suppose h = 2*z - 0*z - 8. What is the remainder when d is divided by z?
2
What is the remainder when (-6594)/(-4) + (-33)/(-66) is divided by 15?
14
Let b = 460 - 413. What is the remainder when 87 is divided by b?
40
Suppose 0 = 5*z + r - 6, -2*z = 4*r - 7 + 1. Calculate the remainder when 134 is divided by z + 1 + -2 + 34.
32
Let x(p) = -p**2 - 19*p + 5. Let n be x(-19). Suppose -n*f + 2 = -o, 27 = 3*o - 7*f + 3*f. What is the remainder when 19 is divided by o?
6
Suppose -5*s + 118 = -232. Calculate the remainder when 279 is divided by s.
69
Let p be ((-20)/6)/((-4)/6). Suppose -p*f - 17 = -47. Suppose -4*s + 15 = s. Calculate the remainder when f is divided by s.
0
Let a = 143 - 97. What is the remainder when 873 is divided by a?
45
Suppose -2*u + 154 = -5*z, -308 = -4*u - 0*z + 5*z. What is the remainder when u is divided by 45?
32
What is the remainder when 338 is divided by (9/(-12)*86)/((-6)/4)?
37
Suppose -2*h - 15 = -5*z, 5*z - 9 = -4*h + 6. Suppose 5*g = -0*g + 15, -5*j + z*g = -46. Calculate the remainder when 31 is divided by j.
9
Let h = -6 - 54. Calculate the remainder when 1/(2/(-2 - h)) is divided by (1 + 1)*(-60)/(-8).
14
Let q(z) = -z**3 - 3*z**2 + 5*z - 6. What is the remainder when 7/((-35)/(-10))*17 is divided by q(-5)?
15
Let y(p) = -p**2 + 11*p - 7. Let u be y(7). Let o be 6/u - (-264)/56. Suppose -o*q = -0*q - 70. What is the remainder when 41 is divided by q?
13
Suppose 26*a = -9*a + 315. What is the remainder when 422 is divided by a?
8
Let k = -914 + 916. Let g(y) = y**2 + 7*y + 2. Calculate the remainder when g(-8) is divided by k.
0
Suppose -7*i = -9*i + 224. Calculate the remainder when i is divided by 24.
16
Suppose 0 = 3*g + m - 83, 2*m + 23 = g + 7*m. Suppose 0*r - 2*r + 222 = 0. What is the remainder when r is divided by g?
27
Let l(j) = 4*j - 65. Let w be l(11). Let o = 26 - w. What is the remainder when o is divided by 9?
2
Let h = 2 + 5. Suppose -3*l + h = -2. Le